7
Suppose -2*b - 2*b + 12 = -2*m, 5*b - 2*m = 15. Suppose -3*h = 3*s - 144, -b*h = -5*s - 172 + 4. Calculate the highest common divisor of 6 and h.
3
Suppose -3*p = -46*p + 29455. Let c = p + -661. What is the greatest common divisor of c and 64?
8
Let n = 3130 + -3070. Calculate the greatest common divisor of 1740 and n.
60
Suppose 5*a + 3*h = 366, -4*a = 3*h - 4*h - 286. Let m = -53 + a. Calculate the greatest common factor of 95 and m.
19
Suppose 701 + 323 = -4*q. Let g be 1/9*-9*101*4. Let x = q - g. Calculate the greatest common factor of x and 37.
37
Let g(m) = 2*m - 9*m + 3*m + 24 + 2*m. Let u be g(-28). Let b(w) = w**3 - 5*w**2 - 4*w + 4. Let z be b(6). Calculate the highest common divisor of u and z.
16
Suppose 3*f = 4*f - 2. Suppose 2*o - 54 = -5*k, f*o - 24 = -k + 30. Suppose -6*y = -9*y + o. What is the greatest common divisor of y and 54?
9
Let l be (-882)/(-175)*-5*20/(-3). Calculate the highest common divisor of 6720 and l.
168
Let v(a) = 2*a**3 - 118*a**2 + 349*a - 222. Let b be v(56). Let q = 91 + -47. Calculate the highest common factor of q and b.
22
Suppose -14*s - 33 = -35*s + 18*s. What is the greatest common factor of 15521 and s?
11
Let w = -23663 + 34799. Calculate the highest common factor of 64 and w.
64
Let i(t) = 7 - 32 - 25*t + 54*t + 36*t. Let s be i(2). Calculate the greatest common factor of 60 and s.
15
Suppose 86074 + 84011 = 69*n. Calculate the greatest common divisor of 85 and n.
85
Let d = -10 + -14. Let v be d/(((-1)/(-2))/1). Let w = -36 - v. Calculate the highest common factor of w and 36.
12
Suppose 17 = 8*j - 287. Let p be 6232/j + (5 - 1). What is the greatest common factor of p and 48?
24
Suppose 99*a - 12611 = 10555. What is the highest common divisor of a and 3?
3
Suppose -14*d + 13*d + 12 = s, -5*d + 3*s = -60. Suppose d*j + 320 = 5*f + 7*j, 4*j - 284 = -5*f. Calculate the highest common factor of 690 and f.
30
Suppose -5*f - 4*c + 304 = 0, 1551*f = 1554*f + 4*c - 176. Calculate the greatest common divisor of f and 2528.
32
Let t(p) = 14*p**3 - 2*p**2 + 1. Let i be t(1). Suppose 7 = 4*v - i. Let c = 180 - 125. What is the greatest common factor of v and c?
5
Suppose -468 = 5*q - 14*q. Let n(v) = -2*v**2 + 34*v - 26. Let b be n(13). What is the greatest common factor of b and q?
26
Let q(i) = 8*i + 16. Let t be q(0). Suppose 0 = t*f - 12*f - 120. Suppose 114 - f = 14*g. Calculate the highest common divisor of g and 24.
6
Suppose 120*s = -97 + 457. Let j(v) = v - 8. Let n be j(0). Let x = n - -14. Calculate the greatest common factor of x and s.
3
Let a = 7 - 13. Let s(u) be the first derivative of -3*u**2 - 36. Let x be s(a). Calculate the greatest common divisor of 27 and x.
9
Let r be 3*1*6*48/96. Let y be (3/2)/(r/(-84)*-2). Suppose -3*j = -s - y, -2*s = -s - 2. Calculate the greatest common factor of 15 and j.
3
Let f be 4/7*(-5 - 23). Let y(k) = -2*k**2 - 52*k - 26. Let i be y(f). What is the greatest common divisor of i and 28?
14
Suppose -2*k + 16 = -k + 3*c, 3*k + 3*c - 24 = 0. Let r(t) = -9*t**2 - 2. Let z be r(-2). Let y = z - -54. Calculate the greatest common factor of k and y.
4
Let c be (-2)/(-3 + 74/26). Suppose 0 = 5*a - 0*a - 5. Let h(s) = 42*s - 3. Let p be h(a). What is the greatest common divisor of p and c?
13
Suppose 4*p + 0*u = 4*u + 8, -2*u = 4*p - 20. Suppose 5*w + a = 109 + 46, 5*w - p*a = 180. Let i = 39842 + -39746. What is the highest common factor of i and w?
32
Let f(y) = y**3 - 15*y**2 + 11*y + 14. Let l be f(15). Suppose -t - 28 = l. Let q be (-3)/(-7) - t/7. What is the greatest common factor of 45 and q?
15
Let g be (-2)/(0 + (-1)/55). Let f be (22*-1)/((-522)/1827). Calculate the highest common factor of f and g.
11
Let k(c) = -c**3 + 124*c**2 - 3*c - 197. Let w be k(122). What is the greatest common factor of 59 and w?
59
Suppose -5*u + 3*a - 5*a = -15, -4*u + 5*a + 12 = 0. Suppose w - u*y + 294 = 6*w, -4*y - 188 = -3*w. Calculate the greatest common divisor of 60 and w.
60
Let x(n) = n**2 - 5*n - 1. Let l be x(6). Suppose -d - l*q + 286 - 65 = 0, 4*d + 3*q = 799. Let g = -121 + d. What is the highest common factor of 30 and g?
15
Suppose 5*q - 12782 = -1337. What is the greatest common factor of 63 and q?
21
Let t(a) = a**3 + a**2 + 8*a - 6. Let n be t(5). Let u(p) = -3*p**2 - 59*p + 11164. Let w be u(-71). What is the highest common divisor of n and w?
46
Suppose 4*i + 2*l = -0*l + 278, 2*i = -3*l + 149. Let w = i + -119. Let n = w - -66. Calculate the greatest common factor of n and 98.
14
Suppose 901 = 20*i + 781. Let j be (0 + 2 + -1)*21. What is the greatest common divisor of i and j?
3
Let h = -2918 - -3079. What is the greatest common divisor of 20125 and h?
161
Let o be ((-88)/16)/(4/(-48)). Let q = 40 - 7. Calculate the greatest common divisor of o and q.
33
Suppose 4*r = -7*v + 4*v + 23655, 4*v - 31547 = -3*r. What is the greatest common factor of v and 23?
23
Let h be -1 + -1 + (-2940)/(-4 + -2). Calculate the highest common divisor of h and 56.
8
Suppose -90*g + 15587 - 3404 = -13467. Calculate the greatest common factor of 270 and g.
15
Let w be 8369 - (-8 - 2*(3/(-2) - 1)). What is the greatest common factor of 184 and w?
92
Let s be (22/(-5))/((-1)/5). Let j(i) = 1728*i**2 + 3411*i + 9. Let p be j(-2). What is the highest common divisor of s and p?
11
Let m(w) = 4*w**2 - 196*w + 256. Let p be m(48). Calculate the greatest common divisor of p and 784.
16
Let a(v) = 4*v**2 - 155*v - 355. Let p be a(95). What is the highest common divisor of 10 and p?
10
Suppose 2*x - 24 = 4*r + 72, -3*r = 0. Let t(a) = 8*a**3 + 1287*a**2 - 160*a + 221. Let z be t(-161). What is the highest common divisor of x and z?
12
Suppose 118 = c - o, -11*c - o + 572 = -6*c. Suppose -5*p + c = 2*d, 5*d - 2*d - 5*p - 135 = 0. Calculate the highest common factor of d and 25.
25
Let p = -38095 - -38128. What is the highest common divisor of p and 6050?
11
Suppose -124*j - 2*c = -119*j - 655, 3*j = -4*c + 379. What is the greatest common divisor of 49 and j?
7
Let f = -739 - -772. What is the highest common factor of 77 and f?
11
Suppose 3*d = -i + 632, 5*i = 5*d + 4093 - 993. Let x = i + -591. What is the highest common divisor of 24 and x?
8
Let i be (-13 + 690/42 + -6)/((-2)/168). What is the highest common factor of 1896 and i?
24
Let q(y) be the third derivative of -7*y**4/24 - 3*y**3/2 + y**2. Let g = -14 - -12. Let b be q(g). Calculate the greatest common divisor of 25 and b.
5
Let n be (-1)/(3 + -2 + 0) + -3. Let g(q) = -2*q**3 - 3*q**2 - 4*q + 8. Let u be g(n). What is the highest common factor of u and 91?
13
Suppose 2*t + 78 = -77 + 181. What is the highest common factor of t and 1430?
13
Suppose 0 = -6*j + 126 + 792. Let t = 168 - j. Let w be -6*2/((-12)/15). What is the highest common divisor of w and t?
15
Let l be 465*(1/((-8)/8) + 10). What is the greatest common divisor of l and 135?
135
Let k(m) = 4*m**2 - 33*m - 222. Let b be k(-10). Calculate the highest common factor of 32 and b.
4
Suppose -y - 2*o = -255, -2851 = -7*y - 5*o - 1075. Suppose 23 = 5*a - 32. What is the greatest common divisor of a and y?
11
Let h = -29127 - -29403. What is the highest common factor of 69 and h?
69
Suppose -159*b + 49142 - 2396 = 0. What is the greatest common factor of b and 1050?
42
Let l be (-76)/(-20) + 1/5. Suppose 4*o - 8 = -l*g + 380, 2*o = 3*g - 296. Suppose 134 = 23*k - 188. Calculate the highest common divisor of g and k.
14
Let b(r) = 3*r**2 + 5*r + 189. Let p be b(0). Suppose 13*j = 12*j + p. Calculate the greatest common factor of 21 and j.
21
Let p(u) = -u**3 + 7*u**2 + 7. Let s be p(11). Let a = -261 - s. What is the greatest common divisor of a and 48?
24
Suppose -3237 = -17*k + 12*k - 4*r, -2*k + 1281 = -3*r. Calculate the highest common factor of k and 387.
129
Suppose 4*x - 1982 = -2*q - 160, 2*x - 2*q = 908. Suppose 3*p + 2*c - 150 - 117 = 0, -2*p - c + 179 = 0. What is the highest common divisor of x and p?
91
Let j(a) be the first derivative of 51*a**4/4 + a**3/3 - 8*a**2 + 16*a + 285. Let s be j(1). Calculate the greatest common divisor of s and 52.
52
Let n(t) = t**2 - 93*t + 566. Let c be n(89). What is the greatest common factor of c and 450?
30
Suppose -5*c - 530 = -4140. Suppose -b + c = -155. Let t = -624 + b. What is the highest common factor o